*2 - 2*o + 2. Let g be j(2). Let d be (-8)/(-5) + g/15. Suppose 15 = -a - 5*q, -5*q - 65 = -5*a - d*q. What is the tens digit of a?
1
Suppose 4*l - l = 2*f - 445, 5*f = 5*l + 1125. What is the hundreds digit of f?
2
Suppose 16*y + 1782 = 25*y. What is the tens digit of y?
9
Let x be -1*(0 + 3)/(-3). Let c be (-1)/(1 + 0) + x. Suppose 0 = 2*d - 3*q - 71, -3*d + 6*d - q - 103 = c. What is the units digit of d?
4
Let r = -64 - -72. Suppose -7*u + 2*p = -6*u - r, -5*p - 17 = -u. What is the units digit of u?
2
Let u = 503 + 890. What is the hundreds digit of u?
3
Suppose 0*g + 184 = 8*g. Suppose 0 = -g*c + 25*c - 20. What is the units digit of c?
0
Suppose -3*o = -2*o - 15. Let w = o - 7. What is the units digit of ((-12)/(-15))/(w/100)?
0
Let u(m) = -m**2 + 27*m - 19. What is the tens digit of u(25)?
3
Suppose -5*s - 83 = -q + 174, 0 = 3*s - q + 153. What is the units digit of (-6)/(-8) - s/16?
4
Let u(i) = -i**3 + i**2 - 3*i + 2. Let z be u(4). Let b = -35 - z. What is the tens digit of b?
2
Let v be (-2 + -1)*(-2)/2. Suppose v*d + 5*a + 6 = d, 19 = -3*d - 5*a. Let t = d - -19. What is the units digit of t?
6
Suppose 979*t - 970*t - 21690 = 0. What is the hundreds digit of t?
4
Let r = -803 + 1752. What is the units digit of r?
9
Suppose 4*w + 0*w - 12 = 0. Let x = -7 - -36. Let d = x - w. What is the units digit of d?
6
Suppose 0 = 64*k - 106828 - 203572. What is the thousands digit of k?
4
Let u be 1/(-3) + (-40)/(-12). Suppose -2*b = 3*i, 0*i = -u*i + 5*b. Suppose 5*r + p - 212 = i, -145 - 42 = -4*r + 5*p. What is the units digit of r?
3
Suppose -11*m + 750 = 90. What is the units digit of 15/m - 175/(-4)?
4
What is the units digit of (-116658)/(-26) - ((-3349)/221 - -15)?
7
Let k = 120 - -235. What is the hundreds digit of k?
3
Let v = -36 - -38. Suppose 0 = -v*p + 5*q + 60, 0 = 5*p - 0*p - 4*q - 150. What is the units digit of p?
0
Let i = 9 - 6. Let f = i + 4. Let k = 48 + f. What is the tens digit of k?
5
Suppose -2*a - 9 = 1, 5*a + 25 = -4*i. Suppose -2*r + 8 = i, 0*p = 2*p - r - 198. What is the tens digit of p?
0
Suppose -9*y + 10*y - 527 = -3*k, -2*k = -4*y + 2038. What is the units digit of y?
2
Let s = 15 - 12. What is the units digit of (-12)/s - -4 - -8?
8
Let n(s) be the third derivative of 11/6*s**3 - 1/24*s**4 + 0 + 0*s - 3*s**2. What is the units digit of n(-11)?
2
Suppose -22*j + 6817 = -92865. What is the tens digit of j?
3
What is the tens digit of 169 - (-5)/10*0/4?
6
Suppose -342 = -20*n + 1658. What is the units digit of n?
0
Let d(a) = a**3 + a**2 + 11*a - 3. Let o be 5/20 - (-30)/8. What is the hundreds digit of d(o)?
1
Suppose -h = 5, -5*p + 0*p + 5 = 2*h. Suppose p*r - l + 31 = 0, 8 = -3*r - 4*l - 3. What is the tens digit of (-60)/(-1) + r/9?
5
What is the units digit of (14/4)/(3/2718)?
1
Suppose 3*x = 3*m + 15, -x = 2*m + 3*m - 5. Let f be (m - 0)/(2 + -3). Suppose y + 3 = 2*y + 3*r, f = -4*r - 8. What is the units digit of y?
9
Let d = 362 - 327. What is the tens digit of d?
3
Suppose 0 = -4*h + 34 + 14. Suppose i + 2*i = -3*w + h, -5*w + 30 = -5*i. Suppose 3*u = -a + 14, 2 = w*a - u - 4. What is the units digit of a?
2
Let g = -9 - -16. Let v(h) = g + 0 - 2 - 9*h. What is the units digit of v(-4)?
1
Suppose -8*l = -12*l + 52. Let r = l - -11. What is the units digit of r?
4
Let h(m) = -m**3 - 29*m**2 - m + 47. Let a be 3/(-2) + ((-165)/6 - 0). What is the units digit of h(a)?
6
Suppose b - 250 = -b. Let l = b - 50. What is the units digit of l?
5
Let w = -12 - -14. Let y = w + 1. Let g = y - -17. What is the units digit of g?
0
Let w = -1069 + 1675. What is the hundreds digit of w?
6
Let h(s) = s**3 + 2*s - 1. Let a be h(1). Suppose 0 = t - 3 - 1. What is the tens digit of (2/t)/(a/76)?
1
Suppose -7*p = 31 - 3. Let y = 8 + p. Suppose -3*x - y*x + 238 = 0. What is the units digit of x?
4
Let i(v) = -6 + 11*v + 24 - 8*v. What is the tens digit of i(8)?
4
Let h(m) = 78*m**2 - m - 1. Let f be h(-1). Let s = 113 - f. What is the units digit of s?
5
Let b = -23 - -36. What is the tens digit of 132/b + 2/(-13)?
1
Suppose -24 - 6 = -2*d. Suppose 0 = 19*n - 139 + 44. Suppose -n*k - d + 90 = 0. What is the tens digit of k?
1
What is the tens digit of (-25592)/(-18) + 22/99?
2
Let y(i) = i**2 - 13*i + 23. Let o be y(-25). Suppose -17 = 4*b - o. What is the units digit of b?
9
Let o(g) = -5*g**3 + 23*g**2 - 3*g - 23. Let q(a) = 3*a**3 - 12*a**2 + 2*a + 12. Let x(t) = 4*o(t) + 7*q(t). What is the tens digit of x(-7)?
2
Suppose 10*d - 6*d + 12080 = 3*b, 16098 = 4*b - d. What is the hundreds digit of b?
0
Let z(b) = 3*b**2 + 2*b. Let h be z(-2). Suppose h*p = -p - 18. What is the tens digit of 5/10 - 57/p?
2
Let m be 2*(-2 + (-14)/(-4)). What is the tens digit of m*3*34/6?
5
Let c(a) = a**3 - 6*a**2 - 16*a - 16. Let d = -15 - -24. What is the units digit of c(d)?
3
Let p(h) = 9*h + 2. Let r be p(-2). Let x be (r/(-12))/((-4)/6). Let j(l) = 3*l**2 - 2*l + 1. What is the units digit of j(x)?
7
Let o(f) = 19*f + 9. Let y be o(-4). Let x = 132 + y. What is the units digit of x?
5
Let a(n) = 6*n**2 + 7*n + 49. What is the hundreds digit of a(-5)?
1
Let z(t) = 3*t**2 + 4*t - 1. Let w be 2 + -3*3 + -2 - -3. What is the tens digit of z(w)?
8
Suppose 5*i + 2*q - 230 + 48 = 0, 3*i = -5*q + 94. Let b = i + -3. What is the tens digit of b?
3
Suppose 0 = 3*k - 5*m + 52, -m - 3 = 2*k + 10. Let l be (2 - -1)/(k/(-12)). Suppose f + 69 = l*f. What is the units digit of f?
3
Let t = -33 - -56. Suppose f = 2*p + t, -7*p = -4*p - 3. What is the tens digit of f?
2
Let v(g) = 2*g**3 - 3*g**2 + 4*g - 4. Let w be v(2). Let h(r) = -r**3 + 7*r**2 + 9*r - 2. Let b be h(w). What is the units digit of (0 - -95)*b/15?
8
Suppose q + 3*q - 25 = 3*y, -q + 10 = -2*y. What is the units digit of (-1)/(-3) + q/(-48)*-236?
0
Suppose -10*u + 9*u - 3245 = -i, 3*i - 9717 = -3*u. What is the hundreds digit of i?
2
Suppose -2*v + 5*s = -4525, -2*s - 9026 = -7*v + 3*v. What is the tens digit of v?
5
Let x = 3828 + 2676. What is the hundreds digit of x?
5
Let a(k) = 4*k**3 - k**2 + k - 1. Let q be a(1). Let j be (-18 - 0) + q - 0. Let i = 23 - j. What is the tens digit of i?
3
Let s = -282 - -1609. What is the hundreds digit of s?
3
Suppose -a - 57 - 206 = -2*r, 2*r - 251 = -3*a. Suppose 0 = 4*k - r - 158. What is the tens digit of k?
7
Let g = 87 + 68. What is the units digit of g?
5
Suppose -3*w + 60 = -7*w. Let o = w + 65. What is the tens digit of o?
5
Let r(x) = 5*x - 8. Let z be r(1). Let n = 0 + 0. Let m = n - z. What is the units digit of m?
3
Let h be -5 + (-352)/(-60) + 4/30. Suppose -5*c - w = -1356, 0 = 5*w + 19 + h. What is the tens digit of c?
7
Suppose -769 = -2*y + 5*w, -4*w + 1580 = 2*y + 2*y. What is the units digit of y?
2
Let h(y) = -2*y - 7. Let c be h(-7). Let d = 723 - 3165. What is the tens digit of 2/c - d/77?
3
Let h be (22/4)/((-3)/(-6)). Let u = 13 - h. Suppose u*i + 46 = 3*i. What is the units digit of i?
6
Suppose 7858 + 1622 = 40*z. What is the units digit of z?
7
Let i(a) = 5*a**2 - 17*a - 35. What is the hundreds digit of i(-9)?
5
Suppose 15 = 5*r, -6226 = -4*c + r - 3*r. What is the tens digit of c?
5
Let g = -201 + 332. Let o = 233 - g. What is the tens digit of o?
0
Suppose 2*k + 25 = 3*k. Suppose -5*f = -10*f - 25, -5*b + 5*f = -25. Suppose b = -t + 3*l + 29, -26 = -3*t - 3*l + k. What is the units digit of t?
0
Let f be (-2)/8 + 454*(-3)/24. Let c = -54 - f. What is the units digit of c?
3
Let m(q) = -q**2 - 4*q - 6. Let o be m(-3). Let k(l) = -19*l - 3. What is the tens digit of k(o)?
5
Suppose 2*l + 4*w - 8 = 0, -6*w + 4 = -2*w. Let c be (-21)/l*6/9. What is the tens digit of c/((-7)/20) - -3?
2
Let h(t) = 2*t + 7. Let a be h(-4). What is the units digit of 2 + a + (-2 - -100)?
9
What is the tens digit of ((-2)/(-6))/(73/32631)?
4
Let o = 260 - 20. What is the units digit of o?
0
Let k = -187 - -58. Let g = 69 - k. Suppose f - 41 = -0*f - 2*m, 5*f + 3*m = g. What is the units digit of f?
9
Let y = -305 + 281. Let o be ((-72)/10)/((-2)/10). What is the units digit of (54/y)/((-3)/o)?
7
Let r be 512 - 70/7*6/15. Suppose 4*w = -o + 575, -o = -3*w + r - 68. What is the units digit of w?
5
Suppose j = 2*g - 784, -8*g + 11*g = 3*j + 1170. What is the tens digit of g?
9
Suppose 3 = 3*a, 5*a = l + 3*l - 431. What is the units digit of